ose 7*z - 35 - 70 = 0. Suppose 3*f + 152 = 2*r + 7, -4*r = -3*f - 293. What is the remainder when r is divided by z?
14
Let i be (-21 + 31)*1*4/5. Suppose -6*u + 2*j - 124 = -i*u, 3*u - 4*j = 207. Suppose u - 425 = -9*n. What is the remainder when n is divided by 11?
7
Suppose 2*f = 3*w + 123, -69 = -4*w - 41. Calculate the remainder when f is divided by 6/((3/(-8))/(-1)).
8
Let v(g) = 3*g**2 - 9*g - 6. Let f(p) = 2*p**2 + 84*p - 63. What is the remainder when v(7) is divided by f(-43)?
9
Let c = 97 - 84. Suppose c*d - 31*d = -504. Suppose 3*q + 4 = d. What is the remainder when 24 is divided by q?
0
Let o = -2874 - -3124. Calculate the remainder when 503 is divided by o.
3
Let u(f) = -78*f + 347. Calculate the remainder when 5065 is divided by u(4).
25
Let f(y) = 2 + 2*y + y - 4*y. Let r = 66 - 87. Calculate the remainder when 44 is divided by f(r).
21
Let w be -2 + 954/(-2) + 3. Let b = w + 495. What is the remainder when 149 is divided by b?
16
What is the remainder when 9*(-11)/66 - (-138)/4 is divided by 1008/140*(-5)/(-2)?
15
Let x(k) be the first derivative of k**4/4 + 16*k**3/3 - 20*k**2 - 46*k + 110. What is the remainder when 86 is divided by x(-18)?
8
Suppose -5*c = -z + 1427, 2*c - 1455 = -z - 0*c. Suppose 2*q + 2450 = 7*q + x, -4*x = -3*q + z. What is the remainder when q is divided by 35?
34
Let t(q) = -11*q**2 + 732*q + 23. Calculate the remainder when t(66) is divided by 105.
104
Let b be -27*(-5)/((-5)/(-8)). Suppose 0 = 7*n - 4*n - b. Calculate the remainder when n is divided by 25.
22
Let f = 11 + -3. Suppose 11*p - f*p = 186. Suppose -5*m - p = -7*m. Calculate the remainder when 120 is divided by m.
27
Suppose 3*i - 9*t = -4*t + 941, 2*i - 4*t = 630. What is the remainder when 1085 is divided by i?
164
Let s(o) = o**3 - 20*o**2 - o + 20. Let f be s(20). Let d = -111 - -167. What is the remainder when d is divided by f + 23 + -5 + 1?
18
Let g be -1902*((-2)/(-9))/(12/27). Let i = g + 1034. Calculate the remainder when i is divided by 81.
2
Let i(x) = -4*x**3 - x**2 - 5*x - 4. Let z be i(-1). Suppose z*m = 3 + 49. What is the remainder when 36 is divided by m?
10
Let a = 5358 + -5353. Calculate the remainder when 58 is divided by a.
3
Calculate the remainder when (-4)/8 - (-3)/((-24)/(-3220)) is divided by (-3 + -1)*(-7)/42*87.
54
Let v(i) = -11*i - 13. Let h be v(-3). Calculate the remainder when 103 is divided by 6/(-1)*8/((-64)/h).
13
Let s be 3/(-18) - (3275/(-30) - -1). Let j = s - -37. Suppose 381 - j = 4*t. Calculate the remainder when t is divided by 12.
11
Suppose -8 = -11*f + 3*f. Suppose -3*g + 4*h = -7, -f = -5*g - 4*h - 0. Calculate the remainder when 3 - (2 - 1 - g) is divided by 1.
0
Suppose -4*v - 2*d = 2, -5*v + 5*d = 6*d - 5. Suppose -2*z = -v*j + 14, -18*j - 47 = -23*j + z. What is the remainder when 55 is divided by j?
5
Suppose -4*v = -2*v - 34. Let q(j) be the third derivative of -7*j**4/24 - 7*j**3/2 - 195*j**2. What is the remainder when q(-15) is divided by v?
16
Suppose -104*d - 19*d = -28167. Calculate the remainder when d is divided by 133.
96
Suppose 5*a = 3*i - 404 - 358, -2*i + 4*a + 504 = 0. Calculate the remainder when i is divided by 38.
36
Let o(j) = -9*j**2 - 3*j**2 + 48*j + 16*j**2 + 2*j**2 + 8 - 4*j**2. What is the remainder when o(5) is divided by 76?
70
Let w = 85 - 89. Let s(q) = -99*q. Let d be s(w). What is the remainder when 2/4 + d/24 is divided by 13?
4
Suppose 5*r + 63 = 3*o, -5*o + 2*o + 27 = r. Calculate the remainder when 208 is divided by o.
10
Suppose -288 = -q - 4*k, 284*k = -5*q + 280*k + 1392. What is the remainder when q is divided by 5?
1
Let i = 431 - 432. What is the remainder when 195 is divided by 7480/(-150)*i + (-6)/(-45)?
45
Suppose -5*g = -4*m - 259, 4*m + 43 + 63 = 2*g. Suppose -5*t - 2*y + 80 = -y, -4*t - 5*y = -64. Calculate the remainder when g is divided by t.
3
Suppose 4*u + 3*q = 0, 0*q - 4*q = -u. Suppose -8*b + 12*b - 52 = u. Let s = 84 - b. What is the remainder when s is divided by 24?
23
Let w be 4*12 + (-8)/2. Let n = -14 + w. Let f = -21 + n. What is the remainder when 35 is divided by f?
8
Let y = 646 + 68. Suppose 12*l = 9*l + y. Suppose -6*i + l = 22. What is the remainder when i is divided by 13?
10
What is the remainder when (-16 + 304)/16 + 487 is divided by 96?
25
Let b = -137 - -227. Suppose h - 24 = 6*y - 8*y, 4*h + 2*y = b. Calculate the remainder when 24 is divided by h.
2
Suppose -1557 = -5*d - q, 326*q = -5*d + 321*q + 1545. What is the remainder when d is divided by 307?
5
Let c(j) = 840*j + 2799. Calculate the remainder when c(-2) is divided by 35.
34
Suppose 33*h + 1462 = 2*m + 29*h, 3*m - 5*h - 2198 = 0. What is the remainder when m is divided by 108?
93
Suppose 3*m - 62 - 49 = 0. Let x = 68 + -248. Let q = x + 190. What is the remainder when m is divided by q?
7
What is the remainder when (-25902)/12*(18/(-162))/(1/6) is divided by 177?
23
Let t(z) = 2*z**3 - 8*z**2 - z - 7. Let j = 322 + -316. What is the remainder when t(j) is divided by 67?
64
Let o = 21 + -15. Suppose o*q - 13*q = -231. What is the remainder when (-128)/(-4 - -2) + 1 is divided by q?
32
Calculate the remainder when -473*((-78)/(-13) + -7) is divided by 232.
9
Suppose 68*l - 2450 - 1320 = 446. What is the remainder when 116 is divided by l?
54
Let u(g) = 155*g**2 - g + 1. Calculate the remainder when u(1) is divided by -40 - (2920/(-40) + 20).
12
Let f(d) = d**3 - 6*d**2 + 103*d - 574. Calculate the remainder when 2946 is divided by f(6).
42
Suppose 5*y - 345 = -0*y. What is the remainder when y is divided by (-3)/2*(2350/150 + -29)?
9
What is the remainder when 128 is divided by 6/((-650)/340 - -2)?
60
Let h(b) = -136*b - 468. Calculate the remainder when 4/10 - ((-1496)/(-5))/(-2) is divided by h(-4).
74
Let w(c) be the first derivative of 13*c**2/2 - 46*c + 236. Calculate the remainder when w(9) is divided by 66.
5
Calculate the remainder when (13092/9)/((-3)/((-450)/(-1160)) - -8) is divided by 273.
268
What is the remainder when 10583 is divided by (-18432)/(-432) - (-1 - (-10)/6)?
41
Let q(g) = -11*g + 4. Let b(s) = s**2 + 12*s - 4. Let f(h) = 4*b(h) + 5*q(h). Calculate the remainder when 113 is divided by f(4).
33
What is the remainder when (173/(-3))/(3/(-9)) is divided by 1/((-5875)/(-1457) + -3 + 0 + -1)?
18
Let j = 6087 - 6023. Calculate the remainder when 1852 is divided by j.
60
Suppose 2*v - 4*z = 2, 0 = -2*v - 6*z + z + 29. Let g(d) = 10*d + 3. Suppose -55*l + 1150 = -9*l. Calculate the remainder when g(v) is divided by l.
23
Let z = 4931 + -4892. What is the remainder when 183 is divided by z?
27
Let h be 1095/(-135) + (-2)/(-18). Calculate the remainder when 14/((40/(-35))/h) is divided by 27.
17
Let v = 101 - 255. Let a = -79 - v. Suppose -s - a = -4*d, -2*d - 97 = -7*d - 2*s. Calculate the remainder when 94 is divided by d.
18
Let k(w) = -w**3 - 98*w**2 - 184*w + 931. Calculate the remainder when 323 is divided by k(-96).
160
Suppose 0*k + 26 = o - 3*k, -3*o + 7*k + 86 = 0. Calculate the remainder when 513 is divided by o.
19
Let q be 1 - 0 - (2 + -297)/5. What is the remainder when 395 is divided by (12 - (-1 - -7)) + q?
65
Calculate the remainder when 2540 is divided by 2956/44 + (2/22)/(2/(-4)).
61
Suppose 2*o - 268 = 4*g, 5*o + g + 115 = 741. What is the remainder when 750 is divided by o?
120
Suppose 4*l - 333 = -5*d, 0 = 4*l + 7*d - 3*d - 332. Calculate the remainder when 1800 is divided by l.
78
Suppose -88*n + 48*n + 285 = -21*n. Let h(q) = 6*q**2 + 3. Let p be h(-3). Suppose 5*z - p = 4*z. Calculate the remainder when z is divided by n.
12
Suppose 2*x - 210 = -3*x. Calculate the remainder when x/((-2)/(-8) - (-54)/72) is divided by (-1 + (-12)/(-8))*50.
17
Let b = -12240 + 12257. Suppose 0 = -j + f + 101, -29 = -j + 3*f + 76. Calculate the remainder when j is divided by b.
14
Let t = 433 - -108. Suppose 2*o + 263 = 3*n, -9*n = -13*n - 5*o + 389. What is the remainder when t is divided by n?
86
Let f = -45 - -91. Let o = -42 + f. What is the remainder when 14*6/4 - o is divided by 9?
8
Let c(f) = -53*f + 1531. What is the remainder when c(-17) is divided by 87?
83
What is the remainder when (-10 - -14)*426/12 is divided by 48?
46
Let v = -415 - -7801. What is the remainder when v is divided by 4?
2
Suppose 0 = -2*u - 14 + 18. Let